ermine y(21).
-24
Let p(c) = 3*c + 191. Calculate p(20).
251
Let n(h) = 7*h**2 + 98*h - 17. What is n(-17)?
340
Let s(w) = -w**3 - 64*w**2 + 204*w + 153. Give s(-67).
-48
Let w(f) = -837*f + 4175. Calculate w(5).
-10
Let w(f) = 200*f - 14. Calculate w(0).
-14
Let k(i) = -i**3 + 6*i**2 + 34*i - 180. Determine k(6).
24
Let d(m) = 14*m**3 - m**2 - 231*m - 231. Determine d(-1).
-15
Let k(s) = 4*s - 4. Calculate k(-7).
-32
Let a(h) = 8*h**2 - 54*h + 3. Calculate a(0).
3
Let o(z) = -4*z - 57. What is o(-18)?
15
Let j(k) = -k**3 - 9*k**2 - 48*k - 162. Calculate j(-6).
18
Let b(d) = d**3 + 7*d**2 + 9*d - 8. Determine b(0).
-8
Let b(r) = -142*r - 527. What is b(-3)?
-101
Let o(a) = -4*a**3 - 6*a**2 - 14*a - 109. Calculate o(-5).
311
Let z(o) = 2*o + 697. Calculate z(-65).
567
Let o(x) = -x**3 - 12*x**2 + 9*x + 14. Give o(-13).
66
Let l(b) = -4*b**2 + 11*b. Calculate l(2).
6
Let w(a) = 4*a - 308. Give w(78).
4
Let z(y) = -y**3 - 55*y**2 - 167*y - 574. What is z(-52)?
-2
Let v(r) = -r**3 - 36*r**2 - 25*r + 77. Calculate v(-35).
-273
Let b(z) = 36*z**3 + 15*z - 35. Calculate b(2).
283
Let c(x) = -630*x + 1249. Give c(3).
-641
Let s(t) = 105*t - 1470. Calculate s(14).
0
Let i(o) = -o**3 + 47*o**2 - 133*o + 84. Calculate i(44).
40
Let n(j) = -19848*j + 158769. Calculate n(8).
-15
Let m(l) = -40*l + 83. Determine m(2).
3
Let q(w) = -2*w**3 - 22*w**2 + 527*w + 5466. Calculate q(-10).
-4
Let c(v) = -10*v**3 - 49*v**2 + 11*v + 30. Give c(-5).
0
Let q(a) = -a**3 - 67*a**2 - 473*a + 36. Give q(-59).
95
Let m(l) = 5*l**3 + 36*l**2 + 79*l + 1. Calculate m(-3).
-47
Let u(o) = 261*o + 1802. Give u(-7).
-25
Let y(r) = -2*r**3 - r**2 + 67*r + 4. What is y(0)?
4
Let d(m) = -3652*m - 36518. Give d(-10).
2
Let f(u) = 30*u**2 + 484*u + 66. What is f(-16)?
2
Let h(l) = -31*l + 7. Give h(1).
-24
Let i(s) = 8*s**2 + 591*s + 504. Give i(-73).
-7
Let v(o) = -o**3 + 3*o**2 + 75*o - 306. What is v(4)?
-22
Let o(u) = -u**3 - 9*u**2 + 1258*u + 12486. Determine o(-10).
6
Let p(q) = 20*q**2 - 314*q + 28. What is p(16)?
124
Let w(l) = -l**2 - 235*l + 240. Give w(-236).
4
Let d(y) = -y**2 + 90*y + 845. Determine d(-9).
-46
Let c(j) = -2*j**2 - 20*j - 33. Give c(-7).
9
Let p(d) = -407*d + 4447. What is p(11)?
-30
Let d(w) = -19*w**3 + 2*w**2 - 17*w + 42. Give d(3).
-504
Let o(p) = -p**3 - 4*p**2 + 83*p + 163. Calculate o(-2).
-11
Let o(n) = -n**3 + 24*n**2 - 42*n + 441. Give o(23).
4
Let d(r) = 2*r**2 + 37*r - 407. Determine d(10).
163
Let h(s) = 187*s + 8411. Give h(-45).
-4
Let v(o) = 9*o**3 - 3*o**2 - 7*o - 18. What is v(-2)?
-88
Let h(k) = 209*k + 16087. Calculate h(-77).
-6
Let b(m) = 181*m + 267. What is b(-5)?
-638
Let r(n) = n**3 + 86*n**2 - 90*n - 270. What is r(-87)?
-9
Let r(u) = -33*u**3 + 232*u**2 + 1. Determine r(7).
50
Let z(g) = -g**3 - 14*g**2 - 33*g - 85. Calculate z(-12).
23
Let j(n) = n**3 - 2*n**2 + 24*n - 6. Determine j(0).
-6
Let w(f) = f**3 + 26*f**2 + 146*f - 13. Calculate w(-17).
106
Let k(z) = -40*z - 1672. Give k(-40).
-72
Let x(d) = 688*d**2 + 6190*d - 13. Calculate x(-9).
5
Let o(t) = 7*t**2 + 10*t - 21. Calculate o(5).
204
Let n(o) = -81*o**2 - 5598*o - 619. Calculate n(-69).
2
Let z(k) = 2*k**2 - 66*k - 9. Give z(29).
-241
Let x(n) = 5*n + 250. Determine x(-27).
115
Let q(j) = j**2 - 7*j - 275. Determine q(-14).
19
Let u(q) = -q**3 - 71*q**2 + 283*q - 1244. What is u(-75)?
31
Let x(n) = -n**2 + 31*n + 169. Give x(36).
-11
Let h(i) = 3*i**3 + 2*i**2 - 11*i - 289. Calculate h(0).
-289
Let a(j) = 7*j**2 - 35*j + 44. Give a(4).
16
Let r(h) = -h**3 - 46*h**2 + 214*h + 709. Determine r(-50).
9
Let m(p) = 268*p + 281. Determine m(-1).
13
Let a(j) = 14*j - 125. Calculate a(0).
-125
Let n(d) = d**2 - 58*d + 865. Determine n(33).
40
Let g(z) = 3*z - 900. Determine g(-47).
-1041
Let n(l) = -158*l**3 + l**2 - 2*l - 2. Give n(-1).
159
Let m(f) = f**2 - 42*f + 254. Give m(7).
9
Let l(m) = -m**2 - 29*m + 49. What is l(-19)?
239
Let v(g) = 23*g + 28. Determine v(-6).
-110
Let y(n) = 308*n + 1551. Determine y(-5).
11
Let c(q) = -26*q + 1003. What is c(37)?
41
Let c(p) = -27*p + 3414. Determine c(121).
147
Let d(i) = -18*i + 453. Calculate d(21).
75
Let j(a) = -19*a**2 + 8*a - 21. Give j(3).
-168
Let v(h) = -h**2 - 38*h + 92. Determine v(-44).
-172
Let o(j) = -j**2 + 96*j - 1097. Calculate o(82).
51
Let x(k) = 9*k**2 - 21*k + 3. Determine x(3).
21
Let p(z) = -z**3 + 15*z**2 - 19*z - 210. Calculate p(12).
-6
Let n(l) = -5*l - 18. What is n(11)?
-73
Let f(j) = -1283*j + 5126. Give f(4).
-6
Let a(w) = w**2 - 126*w + 2972. Determine a(31).
27
Let y(z) = 6*z**3 + z**2 - 9*z + 8. What is y(2)?
42
Let u(o) = -7*o**3 + 53*o**2 + 15*o + 4. Calculate u(6).
490
Let n(w) = 2*w**3 + 12*w**2 - 30*w + 11. What is n(-8)?
-5
Let r(i) = 2*i**2 + 153*i + 1095. Calculate r(-8).
-1
Let x(s) = 3*s**3 - 25*s**2 + 28*s + 10. What is x(6)?
-74
Let s(j) = 2*j**2 + 15*j - 51. What is s(14)?
551
Let o(v) = -56*v - 862. Give o(-6).
-526
Let b(g) = 3*g**3 - 325*g**2 + 122*g - 1526. Give b(108).
-14
Let m(a) = a**2 - 26*a + 111. Give m(15).
-54
Let i(r) = 459*r - 5. Determine i(0).
-5
Let l(a) = -2*a**3 + 30*a**2 - 64*a - 90. Give l(12).
6
Let v(r) = r**2 - 121*r - 485. Give v(-4).
15
Let r(h) = h**2 + 10*h - 40. Calculate r(-14).
16
Let i(w) = 2495*w - 17448. What is i(7)?
17
Let o(s) = 121*s**2 - 24*s - 7. Give o(0).
-7
Let y(i) = -i**3 + 50*i**2 + 157*i + 42. Give y(53).
-64
Let v(u) = u**3 + 5*u**2 + 88*u + 466. Determine v(-5).
26
Let i(v) = -2*v**2 - 6*v + 161. Determine i(10).
-99
Let j(l) = 58*l + 506. Determine j(-9).
-16
Let z(b) = -11*b + 737. Determine z(66).
11
Let u(w) = 357*w + 3919. Determine u(-11).
-8
Let j(v) = -2*v - 61. What is j(-6)?
-49
Let v(a) = -2*a**2 - 141*a + 567. Calculate v(4).
-29
Let g(p) = -p**3 + 2*p**2 - 12*p - 9. What is g(6)?
-225
Let t(h) = 33*h - 33. Determine t(5).
132
Let w(a) = -1283*a - 7695. Give w(-6).
3
Let v(d) = -13*d**2 + 25*d + 9. Determine v(3).
-33
Let i(b) = 2*b**3 + 53*b**2 - 24*b + 70. What is i(-27)?
-11
Let d(u) = -1002*u - 24168. What is d(-24)?
-120
Let w(j) = j**3 - 10*j**2 + 25*j - 124. What is w(10)?
126
Let j(h) = -7*h + 190. Determine j(-26).
372
Let r(i) = -30*i - 7199. What is r(-240)?
1
Let c(g) = -10*g**3 - 2*g**2 - 2*g + 23. What is c(3)?
-271
Let y(x) = x**3 - 232*x**2 - 365*x + 30764. Give y(233).
8
Let a(l) = -4*l + 71. Determine a(-8).
103
Let n(l) = -10*l**2 - 26*l + 92. Give n(4).
-172
Let t(l) = l**2 + 30*l - 82. Give t(-32).
-18
Let r(x) = -9890*x - 39561. Give r(-4).
-1
Let j(d) = 298*d - 8934. What is j(30)?
6
Let l(c) = -30*c**3 - 1201*c**2 - 27*c + 512. What is l(-40)?
-8
Let g(k) = 2*k**3 - 3*k**2 - 10*k + 37. Give g(3).
34
Let p(n) = n**3 - 52*n**2 - 252*n + 1563. Determine p(56).
-5
Let i(f) = f**3 - 9*f**2 - 28*f + 15. Give i(-3).
-9
Let s(d) = -74*d - 606. What is s(-7)?
-88
Let y(m) = 48*m + 3123. What is y(-65)?
3
Let q(o) = -o**2 - 52*o - 458. Determine q(-11).
-7
Let h(a) = a**2 + 22*a - 234. Give h(0).
-234
Let s(q) = -144*q - 17288. Determine s(-120).
-8
Let y(u) = 9*u**2 + 342*u + 258. Give y(-37).
-75
Let i(q) = -q**3 - 15*q**2 + q + 25. Give i(-15).
10
Let o(m) = -2065*m - 35103. Calculate o(-17).
2
Let k(i) = 7*i - 68. Give k(-3).
-89
Let n(x) = 10*x - 2865. Determine n(287).
5
Let i(s) = -170*s + 1567. Determine i(10).
-133
Let p(b) = 35*b - 82. Calculate p(2).
-12
Let s(m) = m**2 - 164*m + 4219. Calculate s(32).
-5
Let t(g) = -3*g**2 - 5*g + 530. Determine t(0).
530
Let d(g) = -3*g + 69. What is d(20)?
9
Let w(v) = v**3 - 21*v**2 + 14*v + 180. Determine w(20).
60
Let o(w) = -w**3 - 16*w**2 - 10*w + 223. Calculate o(-5).
-2
Let k(s) = -s**2 + 28*s - 152. What is k(5)?
-37
Let a(l) = -66*l + 325. Give a(7).
-137
Let x(z) = 2*z**3 + 12*z**2 - 83*z - 474. Give x(-7).
9
Let m(l) = l**3 - 13*l**2 + 30*l + 78. What is m(10)?
78
Let h(j) = -7*j**2 - 155*j - 36. What is h(-22)?
-14
Let r(b) = b**2 + 170*b - 2383. What is r(-183)?
-4
Let k(u) = -157*u**2 + 5*u - 7. Calculate k(1).
-159
Let n(x) = 2*x**2 - 19*x + 47. Determine n(10).
57
Let o(a) = 705*a + 3527. What is o(-5)?
2
Let a(d) = d**3 + 31*d**2 + 41*d - 1. Calculate a(-30).
-331
Let k(q) = 11031*q + 121335. Give k(-11).
-6
Let z(f) = f**2 + 6*f + 73. Calculate z(-8).
89
Let f(z) = z**3 - 5*z**2 - 448*z + 2658. Calculate f(6).
6
Let m(j) = -2*j**3 - 5*j*